et d(y) = y + 1. Let k be d(8). Suppose -2*f = -4*f + 6. Suppose f*c = -k + 30. Is c a composite number?
False
Suppose 0 = -3*o - 0 - 6. Let x = -5 - o. Let v = x - -38. Is v a composite number?
True
Let o = 47 + 225. Suppose 5*v - o + 27 = 0. Is v a prime number?
False
Suppose -j = -23 - 15. Let p = 115 - j. Is p composite?
True
Let h(s) = s**3 - 10*s**2 - 17*s + 17. Is h(15) a prime number?
True
Suppose -9 = -3*b + 3. Suppose -2*o = -b*o. Suppose l + q - 236 = -2*l, o = -2*l - 4*q + 174. Is l a prime number?
False
Suppose -5*c = -2*a - 2 + 3, 2*a = -2*c + 8. Suppose 2*n - 3*j - 18 = -5, -a*j = 4*n + 1. Suppose -w + n*o + 174 = w, -4*w - 2*o + 360 = 0. Is w prime?
True
Suppose -2*z + 143 = -789. Is z a composite number?
True
Suppose 8 = -2*n, -2*d - 2*n = -91 - 41. Suppose 100 = 5*v - d. Is v a composite number?
True
Let r(u) = -7*u**2. Let q(w) = 3*w**2. Let i(s) = 9*q(s) + 4*r(s). Let n be i(0). Is (n/(-3) - 1)*-31 composite?
False
Let c(n) = -n - 11. Let m be c(-11). Let g(a) = 4*a. Let d be g(1). Suppose 3*w - 251 = d*o, o - 271 = -3*w - m*w. Is w prime?
True
Let k(z) = z + 3 + 1 + 2. Let m be k(-6). Suppose n - 4*n + 165 = m. Is n composite?
True
Let y(r) be the third derivative of r**6/120 + r**5/30 - r**4/24 - r**3/6 + 2*r**2. Let o = 36 + -34. Is y(o) a composite number?
False
Let b(i) = -i**2 + 8*i - 11. Let m be b(8). Suppose 4*h = 4 - 36. Let a = h - m. Is a a composite number?
False
Let u be (0 + 2)*18/(-4). Let k = u + 31. Is k composite?
True
Let d(u) be the first derivative of u**4/24 - u**3/6 - u**2 - 2. Let f(z) be the second derivative of d(z). Is f(7) a composite number?
True
Suppose 3*k - 9 = -0. Let i(p) = -2 - 9 - 6*p**2 - p**3 - k*p**2 - 12*p. Is i(-9) prime?
True
Let f = 3663 + -1210. Is f a composite number?
True
Suppose -3*z = -2*z - 33. Is z composite?
True
Let k(i) = 321*i - 25. Is k(6) a prime number?
True
Let f(o) = -5*o**2 + 9*o - 32. Let p(k) = -2*k**2 + 3*k - 11. Let x(m) = 6*f(m) - 17*p(m). Is x(-4) a prime number?
True
Let a(k) = -50*k + 3. Is a(-5) composite?
True
Let p = -2280 + 3265. Is p a composite number?
True
Suppose -m - 5 = -0*m. Let c(r) = -10*r + 5. Is c(m) prime?
False
Suppose 53*o - 53 = 52*o. Is o prime?
True
Let v = -3 - -1. Let p be (8/12)/(v/(-9)). Let b = 6 - p. Is b prime?
True
Is 1073/9 - 4/18 prime?
False
Let n be ((-3)/2)/(3/(-8)). Suppose n*u + 2*m - 24 = 3*m, 2*u - 30 = -4*m. Is u composite?
False
Let a = -4 - 62. Let g = 145 + a. Is g composite?
False
Let f = -4 - -4. Let a(c) = -c**2 + 5. Let l be a(f). Suppose -l*u - m + 33 = 0, 0 = 5*u + 4*m - 0*m - 27. Is u a composite number?
False
Suppose 2*t - 11*t + 18729 = 0. Is t composite?
False
Let y(a) = 7*a**2 - 3*a. Let q be y(4). Let h(n) = -n**2 - 2*n - 5. Let b be h(6). Let m = q + b. Is m a composite number?
False
Let y(b) = -2*b**3 + 3*b**2 + 3*b - 2. Let a be y(-3). Suppose -k + 175 = -3*x - 2*x, -2*x + k - a = 0. Let t = -16 - x. Is t composite?
False
Is -118*(-1 - 1/(-2)) prime?
True
Let r be (2 + -2 + 1)*22. Suppose -3*n + 83 = -r. Is n a prime number?
False
Let k = 3907 - 2390. Is k prime?
False
Let d(c) = 17*c + 4. Is d(3) composite?
True
Let p be 2/2*(1 + 3). Suppose 5*a + 58 = -5*t + 498, -5*a = -p*t - 467. Is a a composite number?
True
Let m be -2 - (-1 + 1 - -4). Let x be (-2)/6 - (-2296)/m. Is (-4)/(-14) + x/(-7) composite?
True
Let h be -2 - (-6 + 2/(-2)). Let r(y) = -y**3 + 9*y**2 - 8*y + 7. Let j be r(h). Is 1/(-2)*j*-2 a prime number?
True
Let h(l) = 32*l**2 - 24*l - 15. Let p(w) = 21*w**2 - 16*w - 10. Let b(m) = -5*h(m) + 8*p(m). Is b(-6) composite?
False
Let t(m) = -m - 2. Let z be t(-5). Suppose -z*i + 6*i = -n + 1, -2*n + i = -9. Suppose 3*u - u + n*p - 38 = 0, -4*p = -u + 7. Is u prime?
False
Let s be 6/(-8) - (-114)/(-8). Let u be 785/s - (-4)/(-6). Is -2 - (u*7 + -2) prime?
False
Let u be (-1 - 1) + (0 - -2). Suppose -2*z + u*z = -24. Suppose 0*s = 2*s - z. Is s prime?
False
Suppose 4*r = 1395 - 203. Is r a composite number?
True
Let k be 10/(-10) - 0/(-2). Is (2/(-6))/(k/105) a composite number?
True
Let d(k) = 24*k**3 + 3*k**2 - k + 1. Is d(2) composite?
True
Suppose -4*k = -4*h - 8, -7 = -h - 4*k + 11. Suppose 49 = 3*u - h*i, 21 = 3*u + 3*i - 48. Is u composite?
False
Let y(o) = -5*o**3 + 2*o**2 + o + 1. Let h be y(-2). Suppose p - h = 170. Is p a prime number?
False
Suppose 4*y + 4 = 16. Suppose h - y - 84 = 0. Is h composite?
True
Let i = 13828 - 7989. Is i a prime number?
True
Suppose o = 5*o + 324. Let s be o/(-12) + 2/8. Is s*3 + 6/(-3) a prime number?
True
Let d = -55 - -81. Let g = d - 7. Is g a prime number?
True
Suppose -t - 10 = -3*t + 5*i, 8 = t - 4*i. Suppose -4*c + 0*c + 228 = t. Is c a composite number?
True
Suppose 2*l = -5 + 1. Let f(x) = -9*x**3 - x**2 + 5*x + 4. Let c(i) = -13*i**3 - i**2 + 8*i + 6. Let q(u) = -5*c(u) + 8*f(u). Is q(l) prime?
False
Let c be ((-25)/(-15))/((-1)/(-57)). Let o = 184 - c. Is o prime?
True
Let v = -7 + 10. Suppose -16 - 77 = -v*o. Suppose 2*a - o = a. Is a a composite number?
False
Let v(x) = 3*x + 18. Let d be v(-6). Suppose -3*w + 795 = -2*j, 0 = 2*w - 5*j - d*j - 541. Is w prime?
True
Let p = -1 + 1. Suppose p = 7*w - 3*w + 12. Is (-1 - -2)*-1 - w a composite number?
False
Suppose -3*a = 5*r - 2450, -6*a - 498 = -r - 5*a. Is r a composite number?
True
Suppose 7*i = 6*i + 37. Is i a composite number?
False
Let h = -3 - -5. Suppose 0 = -2*c + c + h, -5*c - 47 = -3*o. Is o composite?
False
Let y(m) be the third derivative of -m**6/120 - m**5/5 + m**4/4 - m**3/3 - 4*m**2. Is y(-13) composite?
False
Is 21/(-14)*2540/(-6) a prime number?
False
Suppose 1 + 7 = -2*q. Is q/(-14) + 94/14 a composite number?
False
Let l be 5*(-10)/(-4 - -3). Suppose 0 = -w + 3*t - 0*t + l, 3*w - 164 = -5*t. Is w composite?
False
Let o = -279 - -862. Is o prime?
False
Suppose -2*u - 61 = o, 2*o - 4*o - 6 = 0. Let t be -2 - (-3 + u)*1. Suppose -t = -2*m - m. Is m a composite number?
True
Let a = 35 + 552. Is a prime?
True
Suppose 5*y + 0*y - 595 = 0. Is y a prime number?
False
Let q be (12/8)/((-9)/(-222)). Let y = 10 + q. Is y prime?
True
Let t(q) = -4*q**3 - 5*q**2 - 2*q + 4. Let c(x) = -11*x**3 - 15*x**2 - 5*x + 12. Let r(w) = -3*c(w) + 8*t(w). Let i be r(-5). Is 6/i*(-14)/(-4) composite?
True
Let o(x) = 37*x**2 - 4. Suppose -6*y + 2*y = l - 10, 2*l = 2*y - 10. Is o(y) prime?
False
Let n be -3 + 5 + -1 + 1. Suppose -2*g = 3*h - 24, 4*h = n*g + 3*g - 37. Suppose -4*a + 2*k = -g*a + 267, 3*a - 4*k = 155. Is a composite?
False
Let n(d) = -710*d + 17. Is n(-3) a composite number?
True
Let f be (4 + -1)*(-10)/(-10). Suppose f*j - 284 = -j. Is j a prime number?
True
Let p(c) = 5*c**2 - c. Let l be p(1). Let k(r) = 11*r + 1 + l*r**2 + 9 - 2. Is k(-7) composite?
False
Let z(x) = -8*x - 3 - x + 0 + x. Is z(-7) a composite number?
False
Suppose -5*z = -c - 3*c - 115, 0 = 3*z + c - 69. Suppose 0 = -0*v + 5*v - 3*p + z, -p = -2*v - 9. Is 0 - (v - -2) - -19 composite?
True
Suppose -4 = -o - o. Suppose o*v = -v. Suppose -k + 4*k - 222 = v. Is k composite?
True
Let q(h) = -121*h + 35. Is q(-24) a composite number?
False
Let t = 314 - -1083. Is t composite?
True
Let k = 316 - 175. Is k a composite number?
True
Let j(o) = 16*o**3 - 4*o**2 + o - 2. Let x be j(3). Suppose x = 5*k - 788. Is k prime?
False
Let x be 12/20*1*15. Let z = x + 5. Is z*((-45)/(-6))/5 a prime number?
False
Suppose -5*k - 185 = 5*z, -4*z - 148 = -2*k + 5*k. Let d = -26 - z. Is d a prime number?
True
Suppose 0 = k + 4, 7*k = -4*h + 2*k + 328. Is h composite?
True
Let f be (0 - 3)*(-2)/(-3). Let i(x) = -2 - 2*x - 1 - 7*x. Is i(f) prime?
False
Suppose -4*b = -3*b - 291. Let v = -194 + b. Is v composite?
False
Let x = -8 - -3. Let i be (5/x)/((-1)/4). Suppose 5*c - 19 = -i. Is c a prime number?
True
Is (1 + 2)/3 + (-1152)/(-2) a prime number?
True
Let k be (-3564)/(-3) + 1 + -3. Suppose -4*x - k = -6*x. Is x prime?
True
Let k(f) = -3*f**3 - 3*f**2 + 5*f + 7. Is k(-4) prime?
True
Suppose -1187 - 66 = -7*m. Is m a prime number?
True
Suppose 0 = 5*q - 36 - 389. Is q a prime number?
False
Suppose -j + 12 = 3*j. Suppose 1 = -v + j. Suppose 0*r + 28 = v*r. Is r a composite number?
True
Let o(b) = -b**3 - b**2 - 2*b + 3. Let x = 7 - 12. Is o(x) a composite number?
False
Let i(u) = -u + 1. Let s = -4 + -2. Is i(s) a composite number?
F